{"id":4838,"date":"2023-02-22T15:16:13","date_gmt":"2023-02-22T14:16:13","guid":{"rendered":"https:\/\/www.ccgrenzland.de\/wordpress\/?page_id=4838"},"modified":"2024-04-09T13:15:42","modified_gmt":"2024-04-09T12:15:42","slug":"campingplatz","status":"publish","type":"page","link":"https:\/\/www.ccgrenzland.de\/wordpress\/campingplatz\/","title":{"rendered":"Campingplatz"},"content":{"rendered":"\n<p>Der 18.400 m\u00b2 gro\u00dfe, clubeigene Campingplatz des CC Grenzland e.V. mit seinen 40 Stellpl\u00e4tzen befindet sich mitten im Landschaftsschutzgebiet des Naturparks Maas-Schwalm-Nette. Gro\u00dfz\u00fcgige Stellpl\u00e4tze ohne Hecken und Z\u00e4une, ein gro\u00dfes, variables Clubhaus mit Theke und K\u00fcche, ein Jugendraum, ein gro\u00dfz\u00fcgiges Sanit\u00e4rgeb\u00e4ude mit Warmwasser und Duschen, ein neu angelegter Spielplatz, eine Grill- und Feuerstelle sowie gro\u00dffl\u00e4chige Spielwiesen und alter Baumbestand zeichnen unseren kinder- und familienfreundlichen Platz aus.<\/p>\n\n\n\n<figure class=\"wp-block-image\"><img loading=\"lazy\" decoding=\"async\" width=\"2560\" height=\"1138\" src=\"https:\/\/www.ccgrenzland.de\/wordpress\/wp-content\/uploads\/UeberUns01-scaled.jpg\" alt=\"\" class=\"wp-image-4445\" srcset=\"https:\/\/www.ccgrenzland.de\/wordpress\/wp-content\/uploads\/UeberUns01-scaled.jpg 2560w, https:\/\/www.ccgrenzland.de\/wordpress\/wp-content\/uploads\/UeberUns01-300x133.jpg 300w, https:\/\/www.ccgrenzland.de\/wordpress\/wp-content\/uploads\/UeberUns01-1024x455.jpg 1024w, https:\/\/www.ccgrenzland.de\/wordpress\/wp-content\/uploads\/UeberUns01-768x341.jpg 768w, https:\/\/www.ccgrenzland.de\/wordpress\/wp-content\/uploads\/UeberUns01-1536x683.jpg 1536w, https:\/\/www.ccgrenzland.de\/wordpress\/wp-content\/uploads\/UeberUns01-2048x910.jpg 2048w\" sizes=\"auto, (max-width: 2560px) 100vw, 2560px\" \/><\/figure>\n\n\n\n<p><\/p>\n\n\n\n<p>Der Wohnwagen kann ganzj\u00e4hrig genutzt werden, denn unser Platz ist immer f\u00fcr unsere Mitglieder erreichbar.<\/p>\n\n\n<div class=\"wp-block-image\">\n<figure class=\"alignright is-resized\"><img loading=\"lazy\" decoding=\"async\" width=\"300\" height=\"124\" src=\"https:\/\/www.ccgrenzland.de\/wordpress\/wp-content\/uploads\/20221009_165855000_iOS-2-300x124.jpg\" alt=\"\" class=\"wp-image-4544\" style=\"width:358px;height:148px\" srcset=\"https:\/\/www.ccgrenzland.de\/wordpress\/wp-content\/uploads\/20221009_165855000_iOS-2-300x124.jpg 300w, https:\/\/www.ccgrenzland.de\/wordpress\/wp-content\/uploads\/20221009_165855000_iOS-2-1024x424.jpg 1024w, https:\/\/www.ccgrenzland.de\/wordpress\/wp-content\/uploads\/20221009_165855000_iOS-2-768x318.jpg 768w, https:\/\/www.ccgrenzland.de\/wordpress\/wp-content\/uploads\/20221009_165855000_iOS-2-1536x636.jpg 1536w, https:\/\/www.ccgrenzland.de\/wordpress\/wp-content\/uploads\/20221009_165855000_iOS-2.jpg 1856w\" sizes=\"auto, (max-width: 300px) 100vw, 300px\" \/><\/figure>\n<\/div>\n\n\n<p>Der Campingplatz an der Nette ist ein wahres Paradies f\u00fcr Kinder. Ein liebevoll angelegter Spielplatz mit gro\u00dfem Sandkasten, Kletterturm und Rutschbahn, zus\u00e4tzliche Schaukeln und Trampolin bieten Kindern einen weiten Spielbereich.<\/p>\n\n\n\n<p>Das Platzgel\u00e4nde mit seinen naturbelassenen Wald- und Wiesenfl\u00e4chen bietet vielf\u00e4ltige M\u00f6glichkeiten f\u00fcr Spiele im Gel\u00e4nde.<\/p>\n","protected":false},"excerpt":{"rendered":"<p>Der 18.400 m\u00b2 gro\u00dfe, clubeigene Campingplatz des CC Grenzland e.V. mit seinen 40 Stellpl\u00e4tzen befindet sich mitten im Landschaftsschutzgebiet des Naturparks Maas-Schwalm-Nette. Gro\u00dfz\u00fcgige Stellpl\u00e4tze ohne Hecken und Z\u00e4une, ein gro\u00dfes, variables Clubhaus mit Theke und K\u00fcche, ein Jugendraum, ein gro\u00dfz\u00fcgiges Sanit\u00e4rgeb\u00e4ude mit Warmwasser und Duschen, ein neu angelegter Spielplatz, eine Grill- und Feuerstelle sowie gro\u00dffl\u00e4chige &#8230; <a title=\"Campingplatz\" class=\"read-more\" href=\"https:\/\/www.ccgrenzland.de\/wordpress\/campingplatz\/\" aria-label=\"Mehr Informationen \u00fcber Campingplatz\">Weiterlesen<\/a><\/p>\n","protected":false},"author":7,"featured_media":0,"parent":0,"menu_order":0,"comment_status":"closed","ping_status":"closed","template":"","meta":{"footnotes":""},"class_list":["post-4838","page","type-page","status-publish"],"_links":{"self":[{"href":"https:\/\/www.ccgrenzland.de\/wordpress\/wp-json\/wp\/v2\/pages\/4838","targetHints":{"allow":["GET"]}}],"collection":[{"href":"https:\/\/www.ccgrenzland.de\/wordpress\/wp-json\/wp\/v2\/pages"}],"about":[{"href":"https:\/\/www.ccgrenzland.de\/wordpress\/wp-json\/wp\/v2\/types\/page"}],"author":[{"embeddable":true,"href":"https:\/\/www.ccgrenzland.de\/wordpress\/wp-json\/wp\/v2\/users\/7"}],"replies":[{"embeddable":true,"href":"https:\/\/www.ccgrenzland.de\/wordpress\/wp-json\/wp\/v2\/comments?post=4838"}],"version-history":[{"count":0,"href":"https:\/\/www.ccgrenzland.de\/wordpress\/wp-json\/wp\/v2\/pages\/4838\/revisions"}],"wp:attachment":[{"href":"https:\/\/www.ccgrenzland.de\/wordpress\/wp-json\/wp\/v2\/media?parent=4838"}],"curies":[{"name":"wp","href":"https:\/\/api.w.org\/{rel}","templated":true}]}}