{"id":4231,"date":"2022-03-27T10:23:18","date_gmt":"2022-03-27T09:23:18","guid":{"rendered":"https:\/\/www.ccgrenzland.de\/wordpress\/?page_id=4231"},"modified":"2025-08-13T12:55:51","modified_gmt":"2025-08-13T11:55:51","slug":"st-martins-rallye","status":"publish","type":"page","link":"https:\/\/www.ccgrenzland.de\/wordpress\/st-martins-rallye\/","title":{"rendered":"St. Martins Rallye"},"content":{"rendered":"<div class=\"wp-block-image\">\n<figure class=\"alignleft size-full is-resized\"><img loading=\"lazy\" decoding=\"async\" width=\"449\" height=\"600\" src=\"https:\/\/www.ccgrenzland.de\/wordpress\/wp-content\/uploads\/Martin05.jpeg\" alt=\"\" class=\"wp-image-4967\" style=\"aspect-ratio:0.75;width:203px;height:auto\" srcset=\"https:\/\/www.ccgrenzland.de\/wordpress\/wp-content\/uploads\/Martin05.jpeg 449w, https:\/\/www.ccgrenzland.de\/wordpress\/wp-content\/uploads\/Martin05-225x300.jpeg 225w\" sizes=\"auto, (max-width: 449px) 100vw, 449px\" \/><\/figure>\n<\/div>\n\n<div class=\"wp-block-image\">\n<figure class=\"alignright is-resized\"><img loading=\"lazy\" decoding=\"async\" width=\"1359\" height=\"1178\" src=\"https:\/\/www.ccgrenzland.de\/wordpress\/wp-content\/uploads\/Martin01.jpg\" alt=\"\" class=\"wp-image-4458\" style=\"aspect-ratio:1.1547619047619047;width:206px;height:auto\" srcset=\"https:\/\/www.ccgrenzland.de\/wordpress\/wp-content\/uploads\/Martin01.jpg 1359w, https:\/\/www.ccgrenzland.de\/wordpress\/wp-content\/uploads\/Martin01-300x260.jpg 300w, https:\/\/www.ccgrenzland.de\/wordpress\/wp-content\/uploads\/Martin01-1024x888.jpg 1024w, https:\/\/www.ccgrenzland.de\/wordpress\/wp-content\/uploads\/Martin01-768x666.jpg 768w\" sizes=\"auto, (max-width: 1359px) 100vw, 1359px\" \/><\/figure>\n<\/div>\n\n\n<p>Unsere St. Martins-Rallye ist die gr\u00f6\u00dfte Veranstaltung im CC Grenzland, bei der wir allj\u00e4hrlich bis zu 100 G\u00e4steeinheiten begr\u00fc\u00dfen. Wir starten freitags mit einem gem\u00fctlichen Kl\u00f6nabend.<\/p>\n\n\n\n<p>Am Samstagnachmittag stellen die Kinder im Clubhaus ihre selbstgebastelten Laternen aus.<\/p>\n\n\n\n<p>Bei Einbruch der Dunkelheit ziehen alle Kinder und Erwachsenen mit ihren Laternen hinter St. Martin her. Am Martinsfeuer findet die Mantelteilung statt. <\/p>\n\n\n<div class=\"wp-block-image\">\n<figure class=\"alignright is-resized\"><img loading=\"lazy\" decoding=\"async\" width=\"2560\" height=\"1920\" src=\"https:\/\/www.ccgrenzland.de\/wordpress\/wp-content\/uploads\/IMG_0401-scaled.jpg\" alt=\"\" class=\"wp-image-4956\" style=\"width:255px;height:auto\" srcset=\"https:\/\/www.ccgrenzland.de\/wordpress\/wp-content\/uploads\/IMG_0401-scaled.jpg 2560w, https:\/\/www.ccgrenzland.de\/wordpress\/wp-content\/uploads\/IMG_0401-300x225.jpg 300w, https:\/\/www.ccgrenzland.de\/wordpress\/wp-content\/uploads\/IMG_0401-1024x768.jpg 1024w, https:\/\/www.ccgrenzland.de\/wordpress\/wp-content\/uploads\/IMG_0401-768x576.jpg 768w, https:\/\/www.ccgrenzland.de\/wordpress\/wp-content\/uploads\/IMG_0401-1536x1152.jpg 1536w, https:\/\/www.ccgrenzland.de\/wordpress\/wp-content\/uploads\/IMG_0401-2048x1536.jpg 2048w\" sizes=\"auto, (max-width: 2560px) 100vw, 2560px\" \/><\/figure>\n<\/div>\n\n\n<p>Im Anschluss gehen die Kinder singend von Wohnwagen zu Wohnwagen und bekommen kleine S\u00fc\u00dfigkeiten.<\/p>\n\n\n\n<p>Auch die Erwachsenen gehen \u201esingen\u201c und bekommen ein kleines Getr\u00e4nk.<\/p>\n\n\n\n<p>Gegen 20:00 Uhr trifft man sich im Clubhaus und feiert gemeinsam mit Musik und Tanz das Martinsfest.<\/p>\n\n\n\n<p>Wir laden herzlich zu unserer n\u00e4chsten St. Martins Rallye vom 07. bis 09. November 2025 ein. Hier geht&#8217;s <a href=\"https:\/\/www.ccgrenzland.de\/wordpress\/anmeldung-st-martins-rallye\/\" data-type=\"page\" data-id=\"5074\">zur Anmeldung<\/a>.<\/p>\n\n\n\n<p><\/p>\n","protected":false},"excerpt":{"rendered":"<p>Unsere St. Martins-Rallye ist die gr\u00f6\u00dfte Veranstaltung im CC Grenzland, bei der wir allj\u00e4hrlich bis zu 100 G\u00e4steeinheiten begr\u00fc\u00dfen. Wir starten freitags mit einem gem\u00fctlichen Kl\u00f6nabend. Am Samstagnachmittag stellen die Kinder im Clubhaus ihre selbstgebastelten Laternen aus. Bei Einbruch der Dunkelheit ziehen alle Kinder und Erwachsenen mit ihren Laternen hinter St. Martin her. Am Martinsfeuer &#8230; <a title=\"St. Martins Rallye\" class=\"read-more\" href=\"https:\/\/www.ccgrenzland.de\/wordpress\/st-martins-rallye\/\" aria-label=\"Mehr Informationen \u00fcber St. Martins Rallye\">Weiterlesen<\/a><\/p>\n","protected":false},"author":7,"featured_media":0,"parent":0,"menu_order":0,"comment_status":"closed","ping_status":"closed","template":"","meta":{"footnotes":""},"class_list":["post-4231","page","type-page","status-publish"],"_links":{"self":[{"href":"https:\/\/www.ccgrenzland.de\/wordpress\/wp-json\/wp\/v2\/pages\/4231","targetHints":{"allow":["GET"]}}],"collection":[{"href":"https:\/\/www.ccgrenzland.de\/wordpress\/wp-json\/wp\/v2\/pages"}],"about":[{"href":"https:\/\/www.ccgrenzland.de\/wordpress\/wp-json\/wp\/v2\/types\/page"}],"author":[{"embeddable":true,"href":"https:\/\/www.ccgrenzland.de\/wordpress\/wp-json\/wp\/v2\/users\/7"}],"replies":[{"embeddable":true,"href":"https:\/\/www.ccgrenzland.de\/wordpress\/wp-json\/wp\/v2\/comments?post=4231"}],"version-history":[{"count":0,"href":"https:\/\/www.ccgrenzland.de\/wordpress\/wp-json\/wp\/v2\/pages\/4231\/revisions"}],"wp:attachment":[{"href":"https:\/\/www.ccgrenzland.de\/wordpress\/wp-json\/wp\/v2\/media?parent=4231"}],"curies":[{"name":"wp","href":"https:\/\/api.w.org\/{rel}","templated":true}]}}

<div class="wp-block-image">
<figure class="alignleft size-full is-resized"><img loading="lazy" decoding="async" width="449" height="600" src="https://www.ccgrenzland.de/wordpress/wp-content/uploads/Martin05.jpeg" alt="" class="wp-image-4967" style="aspect-ratio:0.75;width:203px;height:auto" srcset="https://www.ccgrenzland.de/wordpress/wp-content/uploads/Martin05.jpeg 449w, https://www.ccgrenzland.de/wordpress/wp-content/uploads/Martin05-225x300.jpeg 225w" sizes="auto, (max-width: 449px) 100vw, 449px" /></figure>
</div>

<div class="wp-block-image">
<figure class="alignright is-resized"><img loading="lazy" decoding="async" width="1359" height="1178" src="https://www.ccgrenzland.de/wordpress/wp-content/uploads/Martin01.jpg" alt="" class="wp-image-4458" style="aspect-ratio:1.1547619047619047;width:206px;height:auto" srcset="https://www.ccgrenzland.de/wordpress/wp-content/uploads/Martin01.jpg 1359w, https://www.ccgrenzland.de/wordpress/wp-content/uploads/Martin01-300x260.jpg 300w, https://www.ccgrenzland.de/wordpress/wp-content/uploads/Martin01-1024x888.jpg 1024w, https://www.ccgrenzland.de/wordpress/wp-content/uploads/Martin01-768x666.jpg 768w" sizes="auto, (max-width: 1359px) 100vw, 1359px" /></figure>
</div>


<p>Unsere St. Martins-Rallye ist die größte Veranstaltung im CC Grenzland, bei der wir alljährlich bis zu 100 Gästeeinheiten begrüßen. Wir starten freitags mit einem gemütlichen Klönabend.</p>



<p>Am Samstagnachmittag stellen die Kinder im Clubhaus ihre selbstgebastelten Laternen aus.</p>



<p>Bei Einbruch der Dunkelheit ziehen alle Kinder und Erwachsenen mit ihren Laternen hinter St. Martin her. Am Martinsfeuer findet die Mantelteilung statt. </p>


<div class="wp-block-image">
<figure class="alignright is-resized"><img loading="lazy" decoding="async" width="2560" height="1920" src="https://www.ccgrenzland.de/wordpress/wp-content/uploads/IMG_0401-scaled.jpg" alt="" class="wp-image-4956" style="width:255px;height:auto" srcset="https://www.ccgrenzland.de/wordpress/wp-content/uploads/IMG_0401-scaled.jpg 2560w, https://www.ccgrenzland.de/wordpress/wp-content/uploads/IMG_0401-300x225.jpg 300w, https://www.ccgrenzland.de/wordpress/wp-content/uploads/IMG_0401-1024x768.jpg 1024w, https://www.ccgrenzland.de/wordpress/wp-content/uploads/IMG_0401-768x576.jpg 768w, https://www.ccgrenzland.de/wordpress/wp-content/uploads/IMG_0401-1536x1152.jpg 1536w, https://www.ccgrenzland.de/wordpress/wp-content/uploads/IMG_0401-2048x1536.jpg 2048w" sizes="auto, (max-width: 2560px) 100vw, 2560px" /></figure>
</div>


<p>Im Anschluss gehen die Kinder singend von Wohnwagen zu Wohnwagen und bekommen kleine Süßigkeiten.</p>



<p>Auch die Erwachsenen gehen „singen“ und bekommen ein kleines Getränk.</p>



<p>Gegen 20:00 Uhr trifft man sich im Clubhaus und feiert gemeinsam mit Musik und Tanz das Martinsfest.</p>



<p>Wir laden herzlich zu unserer nächsten St. Martins Rallye vom 07. bis 09. November 2025 ein. Hier geht&#8217;s <a href="https://www.ccgrenzland.de/wordpress/anmeldung-st-martins-rallye/" data-type="page" data-id="5074">zur Anmeldung</a>.</p>



<p></p>

<p>Unsere St. Martins-Rallye ist die größte Veranstaltung im CC Grenzland, bei der wir alljährlich bis zu 100 Gästeeinheiten begrüßen. Wir starten freitags mit einem gemütlichen Klönabend. Am Samstagnachmittag stellen die Kinder im Clubhaus ihre selbstgebastelten Laternen aus. Bei Einbruch der Dunkelheit ziehen alle Kinder und Erwachsenen mit ihren Laternen hinter St. Martin her. Am Martinsfeuer &#8230; <a title="St. Martins Rallye" class="read-more" href="https://www.ccgrenzland.de/wordpress/st-martins-rallye/" aria-label="Mehr Informationen über St. Martins Rallye">Weiterlesen</a></p>
