{"id":25,"date":"2022-03-27T10:16:10","date_gmt":"2022-03-27T09:16:10","guid":{"rendered":"http:\/\/localhost\/wordpress\/?page_id=25"},"modified":"2026-02-09T11:46:25","modified_gmt":"2026-02-09T10:46:25","slug":"karneval","status":"publish","type":"page","link":"https:\/\/www.ccgrenzland.de\/wordpress\/karneval\/","title":{"rendered":"Karnevals Rallye"},"content":{"rendered":"\n<p>Vom 06. bis 08.02.26 fand unsere diesj\u00e4hrige Karnevals Rallye statt. Wir Grenzl\u00e4nder begr\u00fc\u00dften 13 Familien zu Gast.<\/p>\n\n\n<div class=\"wp-block-image\">\n<figure class=\"aligncenter size-large is-resized\"><img loading=\"lazy\" decoding=\"async\" width=\"769\" height=\"1024\" src=\"https:\/\/www.ccgrenzland.de\/wordpress\/wp-content\/uploads\/Karneval01-769x1024.jpeg\" alt=\"\" class=\"wp-image-5152\" style=\"width:302px;height:auto\" srcset=\"https:\/\/www.ccgrenzland.de\/wordpress\/wp-content\/uploads\/Karneval01-769x1024.jpeg 769w, https:\/\/www.ccgrenzland.de\/wordpress\/wp-content\/uploads\/Karneval01-225x300.jpeg 225w, https:\/\/www.ccgrenzland.de\/wordpress\/wp-content\/uploads\/Karneval01-768x1023.jpeg 768w, https:\/\/www.ccgrenzland.de\/wordpress\/wp-content\/uploads\/Karneval01-1153x1536.jpeg 1153w, https:\/\/www.ccgrenzland.de\/wordpress\/wp-content\/uploads\/Karneval01.jpeg 1537w\" sizes=\"auto, (max-width: 769px) 100vw, 769px\" \/><\/figure>\n<\/div>\n\n\n<p><\/p>\n\n\n\n<p>Die Party startete bereits am Freitagabend. Bei Tanz und Musik herrschte ausgezeichnete Stimmung. F\u00fcr leckere Speisen und Getr\u00e4nke war nat\u00fcrlich wie immer gut gesorgt.<\/p>\n\n\n<div class=\"wp-block-image\">\n<figure class=\"aligncenter size-full is-resized\"><img loading=\"lazy\" decoding=\"async\" width=\"1015\" height=\"649\" src=\"https:\/\/www.ccgrenzland.de\/wordpress\/wp-content\/uploads\/Kinderkarneval.jpeg\" alt=\"\" class=\"wp-image-5166\" style=\"width:474px;height:auto\" srcset=\"https:\/\/www.ccgrenzland.de\/wordpress\/wp-content\/uploads\/Kinderkarneval.jpeg 1015w, https:\/\/www.ccgrenzland.de\/wordpress\/wp-content\/uploads\/Kinderkarneval-300x192.jpeg 300w, https:\/\/www.ccgrenzland.de\/wordpress\/wp-content\/uploads\/Kinderkarneval-768x491.jpeg 768w\" sizes=\"auto, (max-width: 1015px) 100vw, 1015px\" \/><\/figure>\n<\/div>\n\n\n<p><\/p>\n\n\n\n<p>Am Samstagnachmittag fand der Kinderkarneval statt. Bei Musik, Spiel und S\u00fc\u00dfigkeiten hatten die Kinder sehr viel Spa\u00df. Es gab tolle Preise zu gewinnen.<\/p>\n\n\n<div class=\"wp-block-image\">\n<figure class=\"aligncenter size-full is-resized\"><img loading=\"lazy\" decoding=\"async\" width=\"1005\" height=\"732\" src=\"https:\/\/www.ccgrenzland.de\/wordpress\/wp-content\/uploads\/Karneval02.jpeg\" alt=\"\" class=\"wp-image-5137\" style=\"width:480px;height:auto\" srcset=\"https:\/\/www.ccgrenzland.de\/wordpress\/wp-content\/uploads\/Karneval02.jpeg 1005w, https:\/\/www.ccgrenzland.de\/wordpress\/wp-content\/uploads\/Karneval02-300x219.jpeg 300w, https:\/\/www.ccgrenzland.de\/wordpress\/wp-content\/uploads\/Karneval02-768x559.jpeg 768w\" sizes=\"auto, (max-width: 1005px) 100vw, 1005px\" \/><\/figure>\n<\/div>\n\n\n<p><\/p>\n\n\n\n<p class=\"has-text-align-left\">P\u00fcnktlich um 20:11 Uhr&nbsp;startete dann die traditionelle Prunksitzung. Stefan und Giesela f\u00fchrten durch die Veranstaltung. Anheizen des Publikums war nicht n\u00f6tig, denn die Stimmung war bereits sensationell.<\/p>\n\n\n<div class=\"wp-block-image\">\n<figure class=\"aligncenter size-full is-resized\"><img loading=\"lazy\" decoding=\"async\" width=\"1024\" height=\"806\" src=\"https:\/\/www.ccgrenzland.de\/wordpress\/wp-content\/uploads\/Karneval04.png\" alt=\"\" class=\"wp-image-5148\" style=\"width:489px;height:auto\" srcset=\"https:\/\/www.ccgrenzland.de\/wordpress\/wp-content\/uploads\/Karneval04.png 1024w, https:\/\/www.ccgrenzland.de\/wordpress\/wp-content\/uploads\/Karneval04-300x236.png 300w, https:\/\/www.ccgrenzland.de\/wordpress\/wp-content\/uploads\/Karneval04-768x605.png 768w\" sizes=\"auto, (max-width: 1024px) 100vw, 1024px\" \/><\/figure>\n<\/div>\n\n\n<p><\/p>\n\n\n\n<p class=\"has-text-align-left\">Das vielf\u00e4ltige und abwechslungsreiche Programm mit Gesang, B\u00fcttenreden und Tanzeinlagen internationaler K\u00fcnstler sorgte f\u00fcr sehr viel Beifall. Kein K\u00fcnstler*in kam ohne Zugabe von der B\u00fchne.<\/p>\n\n\n<div class=\"wp-block-image\">\n<figure class=\"aligncenter size-large is-resized\"><img loading=\"lazy\" decoding=\"async\" width=\"1024\" height=\"649\" src=\"https:\/\/www.ccgrenzland.de\/wordpress\/wp-content\/uploads\/Karneval05-1-1024x649.jpeg\" alt=\"\" class=\"wp-image-5146\" style=\"width:503px;height:auto\" srcset=\"https:\/\/www.ccgrenzland.de\/wordpress\/wp-content\/uploads\/Karneval05-1-1024x649.jpeg 1024w, https:\/\/www.ccgrenzland.de\/wordpress\/wp-content\/uploads\/Karneval05-1-300x190.jpeg 300w, https:\/\/www.ccgrenzland.de\/wordpress\/wp-content\/uploads\/Karneval05-1-768x487.jpeg 768w, https:\/\/www.ccgrenzland.de\/wordpress\/wp-content\/uploads\/Karneval05-1-1536x974.jpeg 1536w, https:\/\/www.ccgrenzland.de\/wordpress\/wp-content\/uploads\/Karneval05-1.jpeg 2048w\" sizes=\"auto, (max-width: 1024px) 100vw, 1024px\" \/><\/figure>\n<\/div>\n\n\n<p><\/p>\n\n\n\n<p>Ein besonderes Highlight war eine Tanzgruppe zum Musical \u201eRocky Horror Picture Show\u201c, die mit einer professionellen Performance und ausgefallenen Kost\u00fcmen die Blicke auf sich zogen.<\/p>\n\n\n<div class=\"wp-block-image\">\n<figure class=\"aligncenter size-large is-resized\"><img loading=\"lazy\" decoding=\"async\" width=\"1024\" height=\"563\" src=\"https:\/\/www.ccgrenzland.de\/wordpress\/wp-content\/uploads\/Karneval03-1024x563.jpeg\" alt=\"\" class=\"wp-image-5147\" style=\"width:501px;height:auto\" srcset=\"https:\/\/www.ccgrenzland.de\/wordpress\/wp-content\/uploads\/Karneval03-1024x563.jpeg 1024w, https:\/\/www.ccgrenzland.de\/wordpress\/wp-content\/uploads\/Karneval03-300x165.jpeg 300w, https:\/\/www.ccgrenzland.de\/wordpress\/wp-content\/uploads\/Karneval03-768x422.jpeg 768w, https:\/\/www.ccgrenzland.de\/wordpress\/wp-content\/uploads\/Karneval03.jpeg 1422w\" sizes=\"auto, (max-width: 1024px) 100vw, 1024px\" \/><\/figure>\n<\/div>\n\n\n<p><\/p>\n\n\n\n<p class=\"has-text-align-left\">Zum gro\u00dfen Finale kamen alle K\u00fcnstler auf der B\u00fchne zusammen und wurden noch mal so richtig gefeiert. <\/p>\n\n\n<div class=\"wp-block-image\">\n<figure class=\"alignleft size-full is-resized\"><img loading=\"lazy\" decoding=\"async\" width=\"900\" height=\"661\" src=\"https:\/\/www.ccgrenzland.de\/wordpress\/wp-content\/uploads\/Karneval06.jpeg\" alt=\"\" class=\"wp-image-5139\" style=\"width:353px;height:auto\" srcset=\"https:\/\/www.ccgrenzland.de\/wordpress\/wp-content\/uploads\/Karneval06.jpeg 900w, https:\/\/www.ccgrenzland.de\/wordpress\/wp-content\/uploads\/Karneval06-300x220.jpeg 300w, https:\/\/www.ccgrenzland.de\/wordpress\/wp-content\/uploads\/Karneval06-768x564.jpeg 768w\" sizes=\"auto, (max-width: 900px) 100vw, 900px\" \/><\/figure>\n<\/div>\n\n\n<p>Die Hymne \u201eIn unserem Grenzland\u201c, bei der alle Teilnehmer Hand in Hand eine gro\u00dfe Runde bildeten und mitsangen, war der emotionale Abschluss der Prunksitzung.<\/p>\n\n\n\n<p>Im Anschluss wurde bis weit nach Mitternacht weitergefeiert.<\/p>\n\n\n\n<p>Wir Grenzl\u00e4nder bedanken uns f\u00fcr Euren Besuch und freuen uns aufs n\u00e4chste Mal.<\/p>\n\n\n\n<p><\/p>\n","protected":false},"excerpt":{"rendered":"<p>Vom 06. bis 08.02.26 fand unsere diesj\u00e4hrige Karnevals Rallye statt. Wir Grenzl\u00e4nder begr\u00fc\u00dften 13 Familien zu Gast. Die Party startete bereits am Freitagabend. Bei Tanz und Musik herrschte ausgezeichnete Stimmung. F\u00fcr leckere Speisen und Getr\u00e4nke war nat\u00fcrlich wie immer gut gesorgt. Am Samstagnachmittag fand der Kinderkarneval statt. Bei Musik, Spiel und S\u00fc\u00dfigkeiten hatten die Kinder &#8230; <a title=\"Karnevals Rallye\" class=\"read-more\" href=\"https:\/\/www.ccgrenzland.de\/wordpress\/karneval\/\" aria-label=\"Mehr Informationen \u00fcber Karnevals Rallye\">Weiterlesen<\/a><\/p>\n","protected":false},"author":7,"featured_media":0,"parent":0,"menu_order":3,"comment_status":"closed","ping_status":"open","template":"","meta":{"footnotes":""},"class_list":["post-25","page","type-page","status-publish"],"_links":{"self":[{"href":"https:\/\/www.ccgrenzland.de\/wordpress\/wp-json\/wp\/v2\/pages\/25","targetHints":{"allow":["GET"]}}],"collection":[{"href":"https:\/\/www.ccgrenzland.de\/wordpress\/wp-json\/wp\/v2\/pages"}],"about":[{"href":"https:\/\/www.ccgrenzland.de\/wordpress\/wp-json\/wp\/v2\/types\/page"}],"author":[{"embeddable":true,"href":"https:\/\/www.ccgrenzland.de\/wordpress\/wp-json\/wp\/v2\/users\/7"}],"replies":[{"embeddable":true,"href":"https:\/\/www.ccgrenzland.de\/wordpress\/wp-json\/wp\/v2\/comments?post=25"}],"version-history":[{"count":0,"href":"https:\/\/www.ccgrenzland.de\/wordpress\/wp-json\/wp\/v2\/pages\/25\/revisions"}],"wp:attachment":[{"href":"https:\/\/www.ccgrenzland.de\/wordpress\/wp-json\/wp\/v2\/media?parent=25"}],"curies":[{"name":"wp","href":"https:\/\/api.w.org\/{rel}","templated":true}]}}

<p>Vom 06. bis 08.02.26 fand unsere diesjährige Karnevals Rallye statt. Wir Grenzländer begrüßten 13 Familien zu Gast.</p>


<div class="wp-block-image">
<figure class="aligncenter size-large is-resized"><img loading="lazy" decoding="async" width="769" height="1024" src="https://www.ccgrenzland.de/wordpress/wp-content/uploads/Karneval01-769x1024.jpeg" alt="" class="wp-image-5152" style="width:302px;height:auto" srcset="https://www.ccgrenzland.de/wordpress/wp-content/uploads/Karneval01-769x1024.jpeg 769w, https://www.ccgrenzland.de/wordpress/wp-content/uploads/Karneval01-225x300.jpeg 225w, https://www.ccgrenzland.de/wordpress/wp-content/uploads/Karneval01-768x1023.jpeg 768w, https://www.ccgrenzland.de/wordpress/wp-content/uploads/Karneval01-1153x1536.jpeg 1153w, https://www.ccgrenzland.de/wordpress/wp-content/uploads/Karneval01.jpeg 1537w" sizes="auto, (max-width: 769px) 100vw, 769px" /></figure>
</div>


<p></p>



<p>Die Party startete bereits am Freitagabend. Bei Tanz und Musik herrschte ausgezeichnete Stimmung. Für leckere Speisen und Getränke war natürlich wie immer gut gesorgt.</p>


<div class="wp-block-image">
<figure class="aligncenter size-full is-resized"><img loading="lazy" decoding="async" width="1015" height="649" src="https://www.ccgrenzland.de/wordpress/wp-content/uploads/Kinderkarneval.jpeg" alt="" class="wp-image-5166" style="width:474px;height:auto" srcset="https://www.ccgrenzland.de/wordpress/wp-content/uploads/Kinderkarneval.jpeg 1015w, https://www.ccgrenzland.de/wordpress/wp-content/uploads/Kinderkarneval-300x192.jpeg 300w, https://www.ccgrenzland.de/wordpress/wp-content/uploads/Kinderkarneval-768x491.jpeg 768w" sizes="auto, (max-width: 1015px) 100vw, 1015px" /></figure>
</div>


<p></p>



<p>Am Samstagnachmittag fand der Kinderkarneval statt. Bei Musik, Spiel und Süßigkeiten hatten die Kinder sehr viel Spaß. Es gab tolle Preise zu gewinnen.</p>


<div class="wp-block-image">
<figure class="aligncenter size-full is-resized"><img loading="lazy" decoding="async" width="1005" height="732" src="https://www.ccgrenzland.de/wordpress/wp-content/uploads/Karneval02.jpeg" alt="" class="wp-image-5137" style="width:480px;height:auto" srcset="https://www.ccgrenzland.de/wordpress/wp-content/uploads/Karneval02.jpeg 1005w, https://www.ccgrenzland.de/wordpress/wp-content/uploads/Karneval02-300x219.jpeg 300w, https://www.ccgrenzland.de/wordpress/wp-content/uploads/Karneval02-768x559.jpeg 768w" sizes="auto, (max-width: 1005px) 100vw, 1005px" /></figure>
</div>


<p></p>



<p class="has-text-align-left">Pünktlich um 20:11 Uhr&nbsp;startete dann die traditionelle Prunksitzung. Stefan und Giesela führten durch die Veranstaltung. Anheizen des Publikums war nicht nötig, denn die Stimmung war bereits sensationell.</p>


<div class="wp-block-image">
<figure class="aligncenter size-full is-resized"><img loading="lazy" decoding="async" width="1024" height="806" src="https://www.ccgrenzland.de/wordpress/wp-content/uploads/Karneval04.png" alt="" class="wp-image-5148" style="width:489px;height:auto" srcset="https://www.ccgrenzland.de/wordpress/wp-content/uploads/Karneval04.png 1024w, https://www.ccgrenzland.de/wordpress/wp-content/uploads/Karneval04-300x236.png 300w, https://www.ccgrenzland.de/wordpress/wp-content/uploads/Karneval04-768x605.png 768w" sizes="auto, (max-width: 1024px) 100vw, 1024px" /></figure>
</div>


<p></p>



<p class="has-text-align-left">Das vielfältige und abwechslungsreiche Programm mit Gesang, Büttenreden und Tanzeinlagen internationaler Künstler sorgte für sehr viel Beifall. Kein Künstler*in kam ohne Zugabe von der Bühne.</p>


<div class="wp-block-image">
<figure class="aligncenter size-large is-resized"><img loading="lazy" decoding="async" width="1024" height="649" src="https://www.ccgrenzland.de/wordpress/wp-content/uploads/Karneval05-1-1024x649.jpeg" alt="" class="wp-image-5146" style="width:503px;height:auto" srcset="https://www.ccgrenzland.de/wordpress/wp-content/uploads/Karneval05-1-1024x649.jpeg 1024w, https://www.ccgrenzland.de/wordpress/wp-content/uploads/Karneval05-1-300x190.jpeg 300w, https://www.ccgrenzland.de/wordpress/wp-content/uploads/Karneval05-1-768x487.jpeg 768w, https://www.ccgrenzland.de/wordpress/wp-content/uploads/Karneval05-1-1536x974.jpeg 1536w, https://www.ccgrenzland.de/wordpress/wp-content/uploads/Karneval05-1.jpeg 2048w" sizes="auto, (max-width: 1024px) 100vw, 1024px" /></figure>
</div>


<p></p>



<p>Ein besonderes Highlight war eine Tanzgruppe zum Musical „Rocky Horror Picture Show“, die mit einer professionellen Performance und ausgefallenen Kostümen die Blicke auf sich zogen.</p>


<div class="wp-block-image">
<figure class="aligncenter size-large is-resized"><img loading="lazy" decoding="async" width="1024" height="563" src="https://www.ccgrenzland.de/wordpress/wp-content/uploads/Karneval03-1024x563.jpeg" alt="" class="wp-image-5147" style="width:501px;height:auto" srcset="https://www.ccgrenzland.de/wordpress/wp-content/uploads/Karneval03-1024x563.jpeg 1024w, https://www.ccgrenzland.de/wordpress/wp-content/uploads/Karneval03-300x165.jpeg 300w, https://www.ccgrenzland.de/wordpress/wp-content/uploads/Karneval03-768x422.jpeg 768w, https://www.ccgrenzland.de/wordpress/wp-content/uploads/Karneval03.jpeg 1422w" sizes="auto, (max-width: 1024px) 100vw, 1024px" /></figure>
</div>


<p></p>



<p class="has-text-align-left">Zum großen Finale kamen alle Künstler auf der Bühne zusammen und wurden noch mal so richtig gefeiert. </p>


<div class="wp-block-image">
<figure class="alignleft size-full is-resized"><img loading="lazy" decoding="async" width="900" height="661" src="https://www.ccgrenzland.de/wordpress/wp-content/uploads/Karneval06.jpeg" alt="" class="wp-image-5139" style="width:353px;height:auto" srcset="https://www.ccgrenzland.de/wordpress/wp-content/uploads/Karneval06.jpeg 900w, https://www.ccgrenzland.de/wordpress/wp-content/uploads/Karneval06-300x220.jpeg 300w, https://www.ccgrenzland.de/wordpress/wp-content/uploads/Karneval06-768x564.jpeg 768w" sizes="auto, (max-width: 900px) 100vw, 900px" /></figure>
</div>


<p>Die Hymne „In unserem Grenzland“, bei der alle Teilnehmer Hand in Hand eine große Runde bildeten und mitsangen, war der emotionale Abschluss der Prunksitzung.</p>



<p>Im Anschluss wurde bis weit nach Mitternacht weitergefeiert.</p>



<p>Wir Grenzländer bedanken uns für Euren Besuch und freuen uns aufs nächste Mal.</p>



<p></p>

<p>Vom 06. bis 08.02.26 fand unsere diesjährige Karnevals Rallye statt. Wir Grenzländer begrüßten 13 Familien zu Gast. Die Party startete bereits am Freitagabend. Bei Tanz und Musik herrschte ausgezeichnete Stimmung. Für leckere Speisen und Getränke war natürlich wie immer gut gesorgt. Am Samstagnachmittag fand der Kinderkarneval statt. Bei Musik, Spiel und Süßigkeiten hatten die Kinder &#8230; <a title="Karnevals Rallye" class="read-more" href="https://www.ccgrenzland.de/wordpress/karneval/" aria-label="Mehr Informationen über Karnevals Rallye">Weiterlesen</a></p>
