{"id":17,"date":"2022-03-27T10:16:44","date_gmt":"2022-03-27T09:16:44","guid":{"rendered":"http:\/\/localhost\/wordpress\/?page_id=17"},"modified":"2023-01-19T15:28:58","modified_gmt":"2023-01-19T14:28:58","slug":"anfahrt","status":"publish","type":"page","link":"https:\/\/www.ccgrenzland.de\/wordpress\/anfahrt\/","title":{"rendered":"Anfahrt"},"content":{"rendered":"<p>CC Grenzland e.V.<br \/>\nSchapsdyck 4<br \/>\n47669 Wachtendonk \u2013 Wankum<\/p>\n<hr>\n<h4>Anfahrt aus Richtung A40<\/h4>\n<p>Nehmen Sie die Ausfahrt 3 \/ Wankum \/ Grefrath und fahren dann in Richtung Grefrath.<br \/>\nFahren Sie auf der L39 f\u00fcr 3,3 km<br \/>\nBiegen Sie links auf den Schapsdyck ab und folgen dem Stra\u00dfenverlauf f\u00fcr ca. 1 km<br \/>\nAnkunft am Ziel. Auf der rechten Seite befindet sich der Campingplatz des CC Grenzland e.V.<\/p>\n<hr>\n<h4>Anfahrt aus Richtung A61<\/h4>\n<p>Nehmen Sie die Ausfahrt 5 \/ Nettetal \/ Grefrath \/ Boisheim und fahren Sie auf Anschlussstelle Nettetal f\u00fcr 400 m<br \/>\nBiegen Sie links auf L373 ab f\u00fcr 3,5 Km<br \/>\nBiegen Sie rechts auf B509 ab f\u00fcr 3,6 Km<br \/>\nBiegen Sie links auf L39 ab f\u00fcr 4,4 km<br \/>\nBiegen Sie rechts auf den Schapsdyck ab und folgen dem Stra\u00dfenverlauf f\u00fcr ca. 1 km<br \/>\nAnkunft am Ziel. Auf der rechten Seite befindet sich der Campingplatz des CC Grenzland e.V.<\/p>\n<hr>\n<p><img loading=\"lazy\" decoding=\"async\" class=\"alignnone size-full wp-image-4450\" src=\"https:\/\/www.ccgrenzland.de\/wordpress\/wp-content\/uploads\/Anfahrt01.jpg\" alt=\"\" width=\"966\" height=\"856\" srcset=\"https:\/\/www.ccgrenzland.de\/wordpress\/wp-content\/uploads\/Anfahrt01.jpg 966w, https:\/\/www.ccgrenzland.de\/wordpress\/wp-content\/uploads\/Anfahrt01-300x266.jpg 300w, https:\/\/www.ccgrenzland.de\/wordpress\/wp-content\/uploads\/Anfahrt01-768x681.jpg 768w\" sizes=\"auto, (max-width: 966px) 100vw, 966px\" \/><\/p>\n","protected":false},"excerpt":{"rendered":"<p>CC Grenzland e.V. Schapsdyck 4 47669 Wachtendonk \u2013 Wankum Anfahrt aus Richtung A40 Nehmen Sie die Ausfahrt 3 \/ Wankum \/ Grefrath und fahren dann in Richtung Grefrath. Fahren Sie auf der L39 f\u00fcr 3,3 km Biegen Sie links auf den Schapsdyck ab und folgen dem Stra\u00dfenverlauf f\u00fcr ca. 1 km Ankunft am Ziel. Auf &#8230; <a title=\"Anfahrt\" class=\"read-more\" href=\"https:\/\/www.ccgrenzland.de\/wordpress\/anfahrt\/\" aria-label=\"Mehr Informationen \u00fcber Anfahrt\">Weiterlesen<\/a><\/p>\n","protected":false},"author":7,"featured_media":0,"parent":0,"menu_order":4,"comment_status":"closed","ping_status":"closed","template":"","meta":{"footnotes":""},"class_list":["post-17","page","type-page","status-publish"],"_links":{"self":[{"href":"https:\/\/www.ccgrenzland.de\/wordpress\/wp-json\/wp\/v2\/pages\/17","targetHints":{"allow":["GET"]}}],"collection":[{"href":"https:\/\/www.ccgrenzland.de\/wordpress\/wp-json\/wp\/v2\/pages"}],"about":[{"href":"https:\/\/www.ccgrenzland.de\/wordpress\/wp-json\/wp\/v2\/types\/page"}],"author":[{"embeddable":true,"href":"https:\/\/www.ccgrenzland.de\/wordpress\/wp-json\/wp\/v2\/users\/7"}],"replies":[{"embeddable":true,"href":"https:\/\/www.ccgrenzland.de\/wordpress\/wp-json\/wp\/v2\/comments?post=17"}],"version-history":[{"count":0,"href":"https:\/\/www.ccgrenzland.de\/wordpress\/wp-json\/wp\/v2\/pages\/17\/revisions"}],"wp:attachment":[{"href":"https:\/\/www.ccgrenzland.de\/wordpress\/wp-json\/wp\/v2\/media?parent=17"}],"curies":[{"name":"wp","href":"https:\/\/api.w.org\/{rel}","templated":true}]}}